{"id":653,"date":"2022-02-13T16:28:59","date_gmt":"2022-02-13T16:28:59","guid":{"rendered":"https:\/\/startersites.io\/stagingfour\/?page_id=653"},"modified":"2026-03-12T18:13:14","modified_gmt":"2026-03-12T18:13:14","slug":"about","status":"publish","type":"page","link":"https:\/\/hundensfys.dk\/index.php\/hjem\/about\/","title":{"rendered":"Om mig"},"content":{"rendered":"\n<div class=\"wp-block-stackable-spacer stk-block-spacer stk--no-padding stk-block stk-3cdf45c\" data-block-id=\"3cdf45c\"><style>.stk-3cdf45c {height:100px !important;}@media screen and (max-width:999px){.stk-3cdf45c {height:70px !important;}}@media screen and (max-width:689px){.stk-3cdf45c {height:50px !important;}}<\/style><\/div>\n\n\n\n<div class=\"wp-block-stackable-columns stk-block-columns stk-block stk-3574066\" data-block-id=\"3574066\"><style>.stk-3574066 {margin-bottom:0px !important;}.stk-3574066-column{--stk-column-gap:35px !important;row-gap:50px !important;}<\/style><div class=\"stk-row stk-inner-blocks stk-block-content stk-content-align stk-3574066-column\">\n<div class=\"wp-block-stackable-column stk-block-column stk-column stk-block stk-24e8ccc\" data-v=\"4\" data-block-id=\"24e8ccc\"><style>.stk-24e8ccc-container{margin-top:0px !important;margin-right:0px !important;margin-bottom:0px !important;margin-left:0px !important;}@media screen and (min-width:690px){.stk-24e8ccc {flex:var(--stk-flex-grow, 1) 1 calc(38.79999999999998% - var(--stk-column-gap, 0px) * 1 \/ 2 ) !important;}}<\/style><div class=\"stk-column-wrapper stk-block-column__content stk-container stk-24e8ccc-container stk--no-background stk--no-padding\"><div class=\"has-text-align-center-mobile stk-block-content stk-inner-blocks stk-24e8ccc-inner-blocks\">\n<div class=\"wp-block-stackable-heading stk-block-heading stk-block-heading--v2 stk-block stk-474a91b\" id=\"human-fysioterapeut-og-hundefysioterapeut\" data-block-id=\"474a91b\"><style>.stk-474a91b {margin-bottom:20px !important;}@media screen and (max-width:689px){.stk-474a91b {margin-bottom:30px !important;}.stk-474a91b .stk-block-heading__text{font-size:25px !important;}}<\/style><h2 class=\"stk-block-heading__text stk-block-heading--use-theme-margins\">Human fysioterapeut og hundefysioterapeut<\/h2><\/div>\n\n\n\n<figure class=\"wp-block-image size-large\"><img loading=\"lazy\" decoding=\"async\" width=\"1024\" height=\"683\" src=\"https:\/\/hundensfys.dk\/ny2\/wp-content\/uploads\/2026\/02\/SMP0112-1024x683.jpg\" alt=\"\" class=\"wp-image-681\" srcset=\"https:\/\/hundensfys.dk\/wp-content\/uploads\/2026\/02\/SMP0112-1024x683.jpg 1024w, https:\/\/hundensfys.dk\/wp-content\/uploads\/2026\/02\/SMP0112-300x200.jpg 300w, https:\/\/hundensfys.dk\/wp-content\/uploads\/2026\/02\/SMP0112-768x512.jpg 768w\" sizes=\"auto, (max-width: 1024px) 100vw, 1024px\" \/><\/figure>\n<\/div><\/div><\/div>\n\n\n\n<div class=\"wp-block-stackable-column stk-block-column stk-column stk-block stk-19045a8\" data-v=\"4\" data-block-id=\"19045a8\"><style>.stk-19045a8-container{margin-top:0px !important;margin-right:0px !important;margin-bottom:0px !important;margin-left:0px !important;}@media screen and (min-width:690px){.stk-19045a8 {flex:var(--stk-flex-grow, 1) 1 calc(61.20000000000002% - var(--stk-column-gap, 0px) * 1 \/ 2 ) !important;}}<\/style><div class=\"stk-column-wrapper stk-block-column__content stk-container stk-19045a8-container stk--no-background stk--no-padding\"><div class=\"has-text-align-center-mobile stk-block-content stk-inner-blocks stk-19045a8-inner-blocks\">\n<p style=\"font-size:clamp(15.197px, 0.95rem + ((1vw - 3.2px) * 0.61), 23px);\"><strong>Jeg er human fysioterapeut<\/strong>, uddannet i Aarhus i 2005. Dermed har jeg over 20 \u00e5rs erfaring med at holde mennesker i bev\u00e6gelse. Jeg har ogs\u00e5 en overbygning som kognitiv terapeut og mindfulnessinstrukt\u00f8r.<\/p>\n\n\n\n<p class=\"has-medium-font-size\">Min interesse for fysioterapi til hunde blev vakt af min gamle labrador, der gennem et langt, aktivt liv fik skavanker i bev\u00e6geapparatet, bl.a. fra en medf\u00f8dt lidelse i albuen. Hun beskadigede ogs\u00e5 sit korsb\u00e5nd som 6-\u00e5rig og fik gigt p\u00e5 sine gamle dage. Jeg efterspurgte tr\u00e6ning, behandling og \u00f8velser fra dyrl\u00e6gen, men det var ikke helt nok. Derfor besluttende jeg mig for at uddanne mig til hundefysioterapeut. <\/p>\n\n\n\n<p class=\"has-medium-font-size\">S\u00e5ledes er jeg dyrl\u00e6geeksamineret fra Key2Balance, der ligger i Ejstrupholm i Midtjylland. Herfra har jeg gennemf\u00f8rt en 2-\u00e5rig uddannelse i juni 2024. Jeg er glad for alle hunde og \u00f8nsker, at de lever s\u00e5 godt, som de overhovedet kan, hvad enten de bruges til jagt, konkurrencer, eller bare er hyggehund. <\/p>\n\n\n\n<p class=\"has-medium-font-size\">Jeg er opm\u00e6rksom p\u00e5, at der er hunde, der bliver meget nerv\u00f8se ved nye steder og dermed sp\u00e6nder op, hvorfor jeg ogs\u00e5 tilbyder behandling og tr\u00e6ning i eget hjem. Dermed kan hund (og ejer) f\u00e5 s\u00e5 meget ud af bes\u00f8get som muligt.<\/p>\n<\/div><\/div><\/div>\n<\/div><\/div>\n\n\n\n<div class=\"wp-block-stackable-spacer stk-block-spacer stk--no-padding stk-block stk-1474d5c\" data-block-id=\"1474d5c\"><style>.stk-1474d5c {height:100px !important;}@media screen and (max-width:999px){.stk-1474d5c {height:70px !important;}}@media screen and (max-width:689px){.stk-1474d5c {height:70px !important;}}<\/style><\/div>\n\n\n\n<div class=\"wp-block-stackable-columns stk-block-columns stk-block stk-379b8ca\" data-block-id=\"379b8ca\"><style>.stk-379b8ca .stk--block-align-379b8ca{align-items:center !important;}.stk-379b8ca {margin-bottom:0px !important;}.stk-379b8ca-column{--stk-column-gap:70px !important;}@media screen and (max-width:999px){.stk-379b8ca-column{--stk-column-gap:50px !important;row-gap:35px !important;}}@media screen and (max-width:689px){.stk-379b8ca-column{row-gap:35px !important;}}<\/style><div class=\"stk-row stk-inner-blocks stk--block-align-379b8ca stk-block-content stk-content-align stk-379b8ca-column\">\n<div class=\"wp-block-stackable-column stk-block-column stk-column stk-block stk-98b3330\" data-v=\"4\" data-block-id=\"98b3330\"><style>.stk-98b3330-container{margin-top:0px !important;margin-right:0px !important;margin-bottom:0px !important;margin-left:0px !important;}<\/style><div class=\"stk-column-wrapper stk-block-column__content stk-container stk-98b3330-container stk--no-background stk--no-padding\"><div class=\"stk-block-content stk-inner-blocks stk-98b3330-inner-blocks\">\n<div class=\"wp-block-stackable-video-popup stk-block-video-popup stk-block stk-0e16c14\" data-video=\"https:\/\/youtu.be\/eLTfGT-_vKE\" data-block-id=\"0e16c14\"><style>.stk-0e16c14 {border-top-left-radius:20px !important;border-top-right-radius:20px !important;border-bottom-right-radius:20px !important;border-bottom-left-radius:20px !important;overflow:hidden !important;padding-top:0px !important;padding-right:0px !important;padding-left:0px !important;}<\/style><div class=\"stk-block-video-popup__overlay stk-row stk-inner-blocks stk-block-content stk-hover-parent\" aria-label=\"Play Video\" tabindex=\"0\" role=\"button\"><\/div><\/div>\n<\/div><\/div><\/div>\n<\/div><\/div>\n\n\n\n<div class=\"wp-block-stackable-columns stk-block-columns stk-block stk-0058a87\" data-block-id=\"0058a87\"><style>.stk-0058a87 {margin-bottom:0px !important;}.stk-0058a87-column{--stk-column-gap:35px !important;row-gap:25px !important;}@media screen and (max-width:689px){.stk-0058a87 {margin-bottom:0px !important;}}<\/style><div class=\"stk-row stk-inner-blocks has-text-align-center-mobile stk-block-content stk-content-align stk-0058a87-column\">\n<div class=\"wp-block-stackable-column stk-block-column stk-column stk-block stk-4bf6b61\" data-v=\"4\" data-block-id=\"4bf6b61\"><style>.stk-4bf6b61-container{margin-top:0px !important;margin-right:0px !important;margin-bottom:0px !important;margin-left:0px !important;}<\/style><div class=\"stk-column-wrapper stk-block-column__content stk-container stk-4bf6b61-container stk--no-background stk--no-padding\"><div class=\"stk-block-content stk-inner-blocks stk-4bf6b61-inner-blocks\"><\/div><\/div><\/div>\n\n\n\n<div class=\"wp-block-stackable-column stk-block-column stk-column stk-block stk-6c636da\" data-v=\"4\" data-block-id=\"6c636da\"><style>.stk-6c636da-container{margin-top:0px !important;margin-right:0px !important;margin-bottom:0px !important;margin-left:0px !important;}<\/style><div class=\"stk-column-wrapper stk-block-column__content stk-container stk-6c636da-container stk--no-background stk--no-padding\"><div class=\"stk-block-content stk-inner-blocks stk-6c636da-inner-blocks\"><\/div><\/div><\/div>\n<\/div><\/div>\n\n\n\n<div class=\"wp-block-stackable-columns stk-block-columns stk-block stk-2fc68a0\" data-block-id=\"2fc68a0\"><style>.stk-2fc68a0 {margin-bottom:35px !important;}.stk-2fc68a0-column{--stk-column-gap:35px !important;}@media screen and (max-width:999px){.stk-2fc68a0-column{row-gap:35px !important;}}<\/style><div class=\"stk-row stk-inner-blocks stk-block-content stk-content-align stk-2fc68a0-column\">\n<div class=\"wp-block-stackable-column stk-block-column stk-column stk-block stk-b8bc46d\" data-v=\"4\" data-block-id=\"b8bc46d\"><style>.stk-b8bc46d-container{margin-top:0px !important;margin-right:0px !important;margin-bottom:0px !important;margin-left:0px !important;}.stk-b8bc46d-inner-blocks{justify-content:flex-end !important;}<\/style><div class=\"stk-column-wrapper stk-block-column__content stk-container stk-b8bc46d-container stk--no-background stk--no-padding\"><div class=\"stk--column-flex stk-block-content stk-inner-blocks stk-b8bc46d-inner-blocks\"><\/div><\/div><\/div>\n<\/div><\/div>\n\n\n\n<div class=\"wp-block-stackable-columns stk-block-columns stk-block stk-e50f35e\" data-block-id=\"e50f35e\"><style>.stk-e50f35e {margin-bottom:0px !important;}.stk-e50f35e-column{--stk-column-gap:35px !important;}@media screen and (max-width:999px){.stk-e50f35e-column{row-gap:35px !important;}}<\/style><div class=\"stk-row stk-inner-blocks stk-block-content stk-content-align stk-e50f35e-column\">\n<div class=\"wp-block-stackable-column stk-block-column stk-column stk-block stk-c9e6325\" data-v=\"4\" data-block-id=\"c9e6325\"><style>.stk-c9e6325-container{margin-top:0px !important;margin-right:0px !important;margin-bottom:0px !important;margin-left:0px !important;}.stk-c9e6325-inner-blocks{justify-content:flex-end !important;}@media screen and (min-width:690px) and (max-width:999px){.stk-c9e6325 {flex:var(--stk-flex-grow, 1) 1 calc(33.333333333333336% - var(--stk-column-gap, 0px) * 2 \/ 3 ) !important;}}<\/style><div class=\"stk-column-wrapper stk-block-column__content stk-container stk-c9e6325-container stk--no-background stk--no-padding\"><div class=\"stk--column-flex stk-block-content stk-inner-blocks stk-c9e6325-inner-blocks\"><\/div><\/div><\/div>\n\n\n\n<div class=\"wp-block-stackable-column stk-block-column stk-column stk-block stk-9fa0870\" data-v=\"4\" data-block-id=\"9fa0870\"><style>.stk-9fa0870-container{margin-top:0px !important;margin-right:0px !important;margin-bottom:0px !important;margin-left:0px !important;}.stk-9fa0870-inner-blocks{justify-content:flex-end !important;}@media screen and (min-width:690px) and (max-width:999px){.stk-9fa0870 {flex:var(--stk-flex-grow, 1) 1 calc(33.333333333333336% - var(--stk-column-gap, 0px) * 2 \/ 3 ) !important;}}<\/style><div class=\"stk-column-wrapper stk-block-column__content stk-container stk-9fa0870-container stk--no-background stk--no-padding\"><div class=\"stk--column-flex stk-block-content stk-inner-blocks stk-9fa0870-inner-blocks\"><\/div><\/div><\/div>\n\n\n\n<div class=\"wp-block-stackable-column stk-block-column stk-column stk-block stk-a8bec74\" data-v=\"4\" data-block-id=\"a8bec74\"><style>.stk-a8bec74-container{margin-top:0px !important;margin-right:0px !important;margin-bottom:0px !important;margin-left:0px !important;}.stk-a8bec74-inner-blocks{justify-content:flex-end !important;}<\/style><div class=\"stk-column-wrapper stk-block-column__content stk-container stk-a8bec74-container stk--no-background stk--no-padding\"><div class=\"stk--column-flex stk-block-content stk-inner-blocks stk-a8bec74-inner-blocks\"><\/div><\/div><\/div>\n<\/div><\/div>\n\n\n\n<div class=\"wp-block-stackable-divider stk-block-divider stk-block stk-6ac0ade is-style-bar\" data-block-id=\"6ac0ade\"><style>.stk-6ac0ade hr.stk-block-divider__hr{background:var(--theme-palette-color-2, #4b7878) !important;border-radius:calc(4px \/ 2) !important;height:4px !important;width:5% !important;}.stk-6ac0ade {margin-bottom:20px !important;}<\/style><hr class=\"stk-block-divider__hr\"\/><\/div>\n\n\n\n<div class=\"wp-block-stackable-spacer stk-block-spacer stk--no-padding stk-block stk-7a35edd\" data-block-id=\"7a35edd\"><style>.stk-7a35edd {height:50px !important;}@media screen and (max-width:689px){.stk-7a35edd {height:50px !important;}}<\/style><\/div>\n","protected":false},"excerpt":{"rendered":"<p>Human fysioterapeut og hundefysioterapeut Jeg er human fysioterapeut, uddannet i Aarhus i 2005. Dermed har jeg over 20 \u00e5rs erfaring med at holde mennesker i bev\u00e6gelse. Jeg har ogs\u00e5 en overbygning som kognitiv terapeut og mindfulnessinstrukt\u00f8r. Min interesse for fysioterapi til hunde blev vakt af min gamle labrador, der gennem et langt, aktivt liv fik [&hellip;]<\/p>\n","protected":false},"author":1,"featured_media":0,"parent":656,"menu_order":0,"comment_status":"closed","ping_status":"closed","template":"","meta":{"footnotes":""},"class_list":["post-653","page","type-page","status-publish","hentry"],"blocksy_meta":{"styles_descriptor":{"styles":{"desktop":"","tablet":"","mobile":""},"google_fonts":[],"version":6},"page_title_panel":"","has_hero_section":"default","47531c9cc24d272b4d5f42bbe4da8bf0":"","hero_section":"type-1","hero_elements":[{"id":"custom_title","enabled":true,"heading_tag":"h1","title":"Home"},{"id":"custom_description","enabled":true,"description_visibility":{"desktop":true,"tablet":true,"mobile":false}},{"id":"custom_meta","enabled":false,"meta_elements":[{"id":"author","enabled":true,"label":"By","has_author_avatar":"yes","avatar_size":25},{"id":"post_date","enabled":true,"label":"On","date_format_source":"default","date_format":"M j, Y"},{"id":"updated_date","enabled":false,"label":"On","date_format_source":"default","date_format":"M j, Y"},{"id":"categories","enabled":false,"label":"In","style":"simple"},{"id":"comments","enabled":true}],"page_meta_elements":{"joined":true,"articles_count":true,"comments":true}},{"id":"breadcrumbs","enabled":false}],"87e21737c292eae681d6ec0215eb693f":"","hero_alignment1":"CT_CSS_SKIP_RULE","hero_margin":40,"hero_alignment2":"center","hero_vertical_alignment":"center","3c44f083dba4ae4a5300852a19810df6":"","hero_structure":"narrow","2b10ef27fe875036f9badb2e7195347f":"","page_title_bg_type":"featured_image","custom_hero_background":{"attachment_id":null},"parallax":{"desktop":false,"tablet":false,"mobile":false},"a86842ac07b9b2c9e49287abd318936e":"","hero_height":"250px","pageTitleFont":{"family":"Default","variation":"Default","size":"30px","line-height":"CT_CSS_SKIP_RULE","letter-spacing":"CT_CSS_SKIP_RULE","text-transform":"CT_CSS_SKIP_RULE","text-decoration":"CT_CSS_SKIP_RULE"},"pageTitleFontColor":{"default":{"color":"CT_CSS_SKIP_RULEDEFAULT"}},"pageMetaFont":{"family":"Default","variation":"n6","size":"12px","line-height":"1.3","letter-spacing":"CT_CSS_SKIP_RULE","text-transform":"uppercase","text-decoration":"CT_CSS_SKIP_RULE"},"pageMetaFontColor":{"default":{"color":"CT_CSS_SKIP_RULEDEFAULT"},"hover":{"color":"CT_CSS_SKIP_RULEDEFAULT"}},"page_meta_button_type_font_colors":{"default":{"color":"CT_CSS_SKIP_RULEDEFAULT"},"hover":{"color":"CT_CSS_SKIP_RULEDEFAULT"}},"page_meta_button_type_background_colors":{"default":{"color":"CT_CSS_SKIP_RULEDEFAULT"},"hover":{"color":"CT_CSS_SKIP_RULEDEFAULT"}},"pageExcerptFont":{"family":"Default","variation":"Default","size":"CT_CSS_SKIP_RULE","line-height":"CT_CSS_SKIP_RULE","letter-spacing":"CT_CSS_SKIP_RULE","text-transform":"CT_CSS_SKIP_RULE","text-decoration":"CT_CSS_SKIP_RULE"},"pageExcerptColor":{"default":{"color":"CT_CSS_SKIP_RULEDEFAULT"}},"breadcrumbsFont":{"family":"Default","variation":"Default","size":"CT_CSS_SKIP_RULE","line-height":"CT_CSS_SKIP_RULE","letter-spacing":"CT_CSS_SKIP_RULE","text-transform":"CT_CSS_SKIP_RULE","text-decoration":"CT_CSS_SKIP_RULE"},"breadcrumbsFontColor":{"default":{"color":"CT_CSS_SKIP_RULEDEFAULT"},"initial":{"color":"CT_CSS_SKIP_RULEDEFAULT"},"hover":{"color":"CT_CSS_SKIP_RULEDEFAULT"}},"pageTitleOverlay":{"background_type":"color","background_pattern":"type-1","background_image":{"attachment_id":null,"x":0,"y":0},"gradient":"linear-gradient(135deg,rgba(6,147,227,1) 0%,rgb(155,81,224) 100%)","background_repeat":"repeat","background_size":"auto","background_attachment":"scroll","patternColor":{"default":{"color":"#e5e7ea"}},"overlayColor":{"default":{"color":"CT_CSS_SKIP_RULE"}},"backgroundColor":{"default":{"color":"CT_CSS_SKIP_RULE"}}},"pageTitleBackground":{"background_type":"color","background_pattern":"type-1","background_image":{"attachment_id":null,"x":0,"y":0},"gradient":"linear-gradient(135deg,rgba(6,147,227,1) 0%,rgb(155,81,224) 100%)","background_repeat":"repeat","background_size":"auto","background_attachment":"scroll","patternColor":{"default":{"color":"#e5e7ea"}},"overlayColor":{"default":{"color":"CT_CSS_SKIP_RULE"}},"backgroundColor":{"default":{"color":"var(--theme-palette-color-6)"}}},"pageTitlePadding":{"top":"50px","bottom":"50px","left":"auto","right":"auto","linked":true},"7ceb88a653c0308f310135f4d8d70830":"","page_structure_type":"default","b6f2461d9e56992dd665c88b2bfaeb75":"","content_style_source":"inherit","content_style":"wide","vertical_spacing_source":"custom","content_area_spacing":"none","background":{"background_type":"color","background_pattern":"type-1","background_image":{"attachment_id":null,"x":0,"y":0},"gradient":"linear-gradient(135deg,rgba(6,147,227,1) 0%,rgb(155,81,224) 100%)","background_repeat":"repeat","background_size":"auto","background_attachment":"scroll","patternColor":{"default":{"color":"#e5e7ea"}},"overlayColor":{"default":{"color":"CT_CSS_SKIP_RULE"}},"backgroundColor":{"default":{"color":"CT_CSS_SKIP_RULE"}}},"content_background":{"background_type":"color","background_pattern":"type-1","background_image":{"attachment_id":null,"x":0,"y":0},"gradient":"linear-gradient(135deg,rgba(6,147,227,1) 0%,rgb(155,81,224) 100%)","background_repeat":"repeat","background_size":"auto","background_attachment":"scroll","patternColor":{"default":{"color":"#e5e7ea"}},"overlayColor":{"default":{"color":"CT_CSS_SKIP_RULE"}},"backgroundColor":{"default":{"color":"var(--theme-palette-color-8)"}}},"content_boxed_shadow":{"inherit":false,"blur":18,"spread":-6,"v_offset":12,"h_offset":0,"inset":false,"enable":true,"color":{"color":"rgba(34, 56, 101, 0.04)"}},"boxed_content_spacing":{"desktop":{"top":"40px","bottom":"40px","left":"40px","right":"40px","linked":true},"tablet":{"top":"35px","bottom":"35px","left":"35px","right":"35px","linked":true},"mobile":{"top":"20px","bottom":"20px","left":"20px","right":"20px","linked":true}},"content_boxed_radius":{"top":"3px","bottom":"3px","left":"3px","right":"3px","linked":true},"4cf193c4caaee4a2ef3bf4f68039811c":"","disable_featured_image":"no","disable_share_box":"no","disable_header":"no","disable_footer":"no"},"_links":{"self":[{"href":"https:\/\/hundensfys.dk\/index.php\/wp-json\/wp\/v2\/pages\/653","targetHints":{"allow":["GET"]}}],"collection":[{"href":"https:\/\/hundensfys.dk\/index.php\/wp-json\/wp\/v2\/pages"}],"about":[{"href":"https:\/\/hundensfys.dk\/index.php\/wp-json\/wp\/v2\/types\/page"}],"author":[{"embeddable":true,"href":"https:\/\/hundensfys.dk\/index.php\/wp-json\/wp\/v2\/users\/1"}],"replies":[{"embeddable":true,"href":"https:\/\/hundensfys.dk\/index.php\/wp-json\/wp\/v2\/comments?post=653"}],"version-history":[{"count":7,"href":"https:\/\/hundensfys.dk\/index.php\/wp-json\/wp\/v2\/pages\/653\/revisions"}],"predecessor-version":[{"id":788,"href":"https:\/\/hundensfys.dk\/index.php\/wp-json\/wp\/v2\/pages\/653\/revisions\/788"}],"up":[{"embeddable":true,"href":"https:\/\/hundensfys.dk\/index.php\/wp-json\/wp\/v2\/pages\/656"}],"wp:attachment":[{"href":"https:\/\/hundensfys.dk\/index.php\/wp-json\/wp\/v2\/media?parent=653"}],"curies":[{"name":"wp","href":"https:\/\/api.w.org\/{rel}","templated":true}]}}